r when ((-16)/(-10))/(o/80) is divided by u?
15
Suppose -3*n + 3*k + 2*k + 20 = 0, 4 = 2*k. Calculate the remainder when n is divided by 2.
0
Let l = -1036 + 3508. Suppose -2*m - 2*m = -l. Calculate the remainder when m/11 - (-10)/(-55) is divided by 19.
18
What is the remainder when 34 is divided by (1/3)/(21/441)?
6
Let a(k) = k + 6. Let s be a(-3). Let j = 10 + s. What is the remainder when j is divided by 5?
3
Suppose -j = j - 38. Suppose -17 = 5*h - 197. Calculate the remainder when h is divided by j.
17
Suppose -3*p + 0 + 6 = 0. Let i(d) = 10*d**3 - 2*d. Let f be i(p). Suppose -5*q - 2*w - 4 + f = 0, 8 = -2*w. Calculate the remainder when q is divided by 6.
4
Suppose -5*x + 10*x - 60 = 0. What is the remainder when 34 is divided by x?
10
Suppose -6 + 2 = -a. Calculate the remainder when 10/a*(-18)/(-15) is divided by 2.
1
What is the remainder when (-50)/(-5) + 2 + -3 + -1 is divided by 2?
0
Suppose 1 + 2 = 3*l. Suppose 7*b = 4 + 3. Calculate the remainder when b is divided by l.
0
Suppose 2*o - o = 0. Suppose -t + 17 - 3 = o. Calculate the remainder when 2 + -2 + -1 + 28 is divided by t.
13
Suppose 4*g + 13 = 2*m + 3*m, -3*g = 4*m - 29. Suppose 2*i + 6*b - m*b - 15 = 0, -5*i - 3*b = -37. What is the remainder when 29 is divided by i?
5
Let g = -6 + 9. Suppose 2*l + 2*l - 2*q = 14, 0 = -l - q - 4. Calculate the remainder when g is divided by l.
0
Suppose -h - 2*h + 180 = 0. Let r = -25 + h. Suppose 0 = -2*s + 4*s + 4*t - 36, -2*s + 2*t = -18. Calculate the remainder when r is divided by s.
11
Suppose 0 - 3 = 3*h, -2*f + h = -1. Suppose f = -3*a + 6*a - 27. Let s = -5 - -22. What is the remainder when s is divided by a?
8
Let s(t) = t + 45. What is the remainder when 128 is divided by s(-32)?
11
Let r = 28 + -12. Calculate the remainder when 231/(-14)*r/(-6) is divided by 23.
21
Let x(b) = -b**3 - 7*b**2 - 4*b + 7. What is the remainder when x(-7) is divided by 9?
8
Suppose -12 = -p - 3*p. Suppose y - 2*y + p*j + 7 = 0, -4*y - 3*j + 103 = 0. Suppose -23 = -3*s + y. Calculate the remainder when 43 is divided by s.
13
Suppose -a = 3*b - 10 - 6, -5*b - 20 = -3*a. What is the remainder when 41 is divided by a - -2*1/2?
8
Let b = -44 - -52. Calculate the remainder when 63 is divided by b.
7
Let m(j) = j**3 + 7*j**2 - 2*j - 1. What is the remainder when m(-5) is divided by 20?
19
Suppose 4*r + 15 = -1. Let n be 8/4*6/r. Calculate the remainder when (n - -6)/6*62 is divided by 17.
14
Suppose -5*o - 55 = -5*k, -k - 3*o - 3 + 2 = 0. Let q be (k/20)/(1/(-10)). Calculate the remainder when 21 is divided by (-22)/(2 + 0 + q).
10
Let r(y) = y**3 + 8*y**2 - y - 1. Suppose 3*q + 3 = 9. What is the remainder when r(-8) is divided by q?
1
Let x = -122 + 134. What is the remainder when 167 is divided by x?
11
Suppose 2*g - 80 - 2 = 0. Calculate the remainder when g is divided by 21.
20
Let g = 1 - -8. Let h(k) = -8*k - 45. Calculate the remainder when h(-10) is divided by g.
8
Suppose j - 84 = -5*j. Suppose -2*m + 3*m = 39. What is the remainder when m is divided by j?
11
Suppose 7*g - 9*g + 4 = 0. Suppose f = 102 - 33. Calculate the remainder when f is divided by (-106)/(-6) + g/6.
15
Suppose 2*v - 3*l = -0*v - 6, 5*v - 4*l = -8. Suppose 0*n - 4*n + 56 = v. Let i = 2 + 6. What is the remainder when n is divided by i?
6
Suppose 14 + 30 = 4*f. Suppose 3*v - 4*g = -6, 2*v + f = 6*v + g. Let x = v + 12. Calculate the remainder when 26 is divided by x.
12
Let n(t) = t - 6. Calculate the remainder when 39 is divided by n(16).
9
Let c be -1*116/(-1 - 1). Let v = -41 + c. Calculate the remainder when 50 is divided by v.
16
Let f = 10 - 10. Let z(v) = v**3 - 2*v - 1. Let a be z(2). Suppose -t + a*b - 14 = f, 13 + 5 = 3*t + 3*b. Calculate the remainder when 2 is divided by t.
0
Let u(g) be the third derivative of g**6/120 - 7*g**5/60 - g**4/4 - 4*g**3/3 + 3*g**2. What is the remainder when 15 is divided by u(8)?
7
Let b(r) = r**2 - 8*r + 2. Let h be b(7). Let i = h + 18. What is the remainder when 37 is divided by i?
11
Let b(o) = -4*o**3 + 2*o**2 - 2*o + 1. Let q be b(1). Let x = q + 5. Suppose x*f - 25 - 5 = 0. What is the remainder when 43 is divided by f?
13
Let g(k) = -5*k + 4*k - 3*k + 2*k**2 + 8. Calculate the remainder when g(6) is divided by 19.
18
Suppose 0 = 4*o - 982 - 230. Calculate the remainder when o is divided by 51.
48
Suppose -5*p = 5*m - 40, 0 = -5*p - 0*p + 2*m + 26. Let i be ((-3)/2)/((-12)/88). Let q = i + -7. What is the remainder when p is divided by q?
2
Let u = 13 - 23. Let g = u - -16. Calculate the remainder when 17 is divided by g.
5
Let d be 4 + (-2 + 1)*-1. Let m(j) = 5*j - 3. What is the remainder when 65 is divided by m(d)?
21
Let y(w) = 7 - w + 2*w - 3*w + w. What is the remainder when 11 is divided by y(0)?
4
Let q = -7 + 9. What is the remainder when 43 + ((-6)/3)/q is divided by 11?
9
Suppose 0 = -4*p + 4*u - 1452, -p + 205 = -5*u + 572. What is the remainder when (-24)/(-36) - p/6 is divided by (-214)/(-10) + (-8)/20?
19
Suppose 1 = 5*o - 54. What is the remainder when 21 is divided by o?
10
What is the remainder when 1/((-4)/(-276)*3) is divided by 9?
5
Let z(x) = -x**2 - 3*x - 2. Let k be z(-2). Suppose 3 = b - k*b. Suppose -3*g + 12 = g. Calculate the remainder when g is divided by b.
0
Let h(r) = 5*r**2 + 5*r - 8. What is the remainder when (-1 + 2)*64 - -1 is divided by h(2)?
21
Let m be (-1*(1 + -1))/1. Suppose m = -10*v + 5*v + 25. Suppose -v*c + 15 = -0. Calculate the remainder when c is divided by 2.
1
Suppose 0 = 2*c - 4*q - 8, -4*q = -4*c - 0*q + 8. Suppose -b = -2*b + 2. Suppose -56 = -c*z - b*z. What is the remainder when z is divided by 15?
13
What is the remainder when -263*1*(-1)/(8 + -7) is divided by 33?
32
Let b = 55 - 16. Let t = -26 + b. What is the remainder when t is divided by 5?
3
Let k = -11 - -20. Calculate the remainder when 25 is divided by k.
7
Suppose 4*j - 31 = 229. Calculate the remainder when j is divided by 17.
14
Let c = -16 + 20. Calculate the remainder when 6 is divided by c.
2
Let y = -11 - -16. Calculate the remainder when 12 is divided by y.
2
What is the remainder when 67 is divided by 3 - 2 - (-3)/(3/34)?
32
Suppose -5*c + 365 = -280. Suppose -5*f + c = -16. What is the remainder when f is divided by 10?
9
Let l = 3 - -2. What is the remainder when (-5)/((-5)/14)*1 is divided by l?
4
Suppose 2*z + z = 54. Let k(q) = -q**2 - q + 35. What is the remainder when k(0) is divided by z?
17
Suppose 5*r - 29 = 111. Suppose -2*q + 0*q + 4 = 2*b, 5*b = 2*q + 3. Let o(x) = 11*x**3 - 2*x + 1. Calculate the remainder when r is divided by o(b).
8
Let z(w) = -w**3 - 6*w**2 - w - 1. Let h be ((-4)/10)/(2/10). What is the remainder when z(-6) is divided by 3 - (h*1)/(-2)?
1
Let s be (4/(-3))/((-4)/(-30)). Let j = s - -57. What is the remainder when j is divided by 10?
7
Let s(x) = -18*x - 10. What is the remainder when s(-3) is divided by 9?
8
Let z = -17 + 24. Suppose 8*g - 187 + 43 = 0. Calculate the remainder when g is divided by z.
4
Let r(b) = -6*b - 14. Calculate the remainder when 85 is divided by r(-6).
19
Suppose -z = 2*r - 44, 44 = -0*r + 2*r + 5*z. Let j be (-3)/4 - 7/28. Calculate the remainder when r is divided by 15 - (0 - 3)/j.
10
Let w = -19 + 37. Calculate the remainder when 52 is divided by w.
16
Suppose w - 1 = 4*t - 39, 3*t = 0. Let f = 54 + w. What is the remainder when 45 is divided by f?
13
Suppose 5*o = -11 + 266. Suppose 0 = 3*h - 2*h + 2*p - o, 0 = 5*h - p - 200. Calculate the remainder when h is divided by (-5)/(-15) + (-62)/(-3).
20
Suppose 4*p - 126 = -w, 2*p + 2*w + 68 = 4*p. What is the remainder when p is divided by 7?
4
Suppose -3*l - 11 = -5. What is the remainder when 9 is divided by -3 - (-2 + l) - -4?
4
Let s(f) = f + 2. Let v be s(-2). Let w = 5 + v. Suppose -21 = -0*m - 3*m + 2*q, -2*q = -w*m + 39. Calculate the remainder when 26 is divided by m.
8
Suppose -47 = 5*h - 7. Let r(q) = q + 11. Calculate the remainder when 6 is divided by r(h).
0
Suppose -a - 2*a - 4*q + 29 = 0, 0 = -a - q + 10. What is the remainder when 53 is divided by a?
9
Let t(z) = z**2 + 7*z + 2. Suppose 0*i + 3*i - 117 = 0. Calculate the remainder when i is divided by t(-9).
19
What is the remainder when (-21)/84 + (-45)/(-4) is divided by 5?
1
Suppose -3*a + a + 42 = 0. What is the remain